of 12219057?
5
What is the thousands digit of 2205459?
5
What is the hundred thousands digit of 95097091?
0
What is the thousands digit of 12677786?
7
What is the ten millions digit of 449736333?
4
What is the hundred millions digit of 7272540233?
2
What is the millions digit of 54667320?
4
What is the hundreds digit of 147245534?
5
What is the ten millions digit of 1496139415?
9
What is the hundred millions digit of 174998052?
1
What is the units digit of 693114902?
2
What is the ten thousands digit of 80370666?
7
What is the hundred thousands digit of 19535898?
5
What is the ten thousands digit of 108609842?
0
What is the hundreds digit of 452845419?
4
What is the hundreds digit of 38813926?
9
What is the thousands digit of 568785241?
5
What is the tens digit of 104991882?
8
What is the tens digit of 3344832912?
1
What is the tens digit of 23067545?
4
What is the ten thousands digit of 1088344403?
4
What is the millions digit of 6096579870?
6
What is the thousands digit of 511335461?
5
What is the hundreds digit of 430945754?
7
What is the units digit of 2737681806?
6
What is the hundred thousands digit of 7248046304?
0
What is the millions digit of 3274666?
3
What is the hundreds digit of 19597747?
7
What is the ten thousands digit of 69821061?
2
What is the hundreds digit of 1617263623?
6
What is the ten thousands digit of 291895952?
9
What is the hundreds digit of 2994183956?
9
What is the ten millions digit of 1226276284?
2
What is the ten millions digit of 87583315?
8
What is the hundreds digit of 51227019?
0
What is the ten thousands digit of 5213060?
1
What is the thousands digit of 94787110?
7
What is the ten millions digit of 442335700?
4
What is the ten millions digit of 49308210?
4
What is the units digit of 4674804?
4
What is the hundred thousands digit of 1279703747?
7
What is the ten thousands digit of 51215574?
1
What is the ten thousands digit of 74728713?
2
What is the hundred thousands digit of 19101332?
1
What is the thousands digit of 100770259?
0
What is the units digit of 119368328?
8
What is the millions digit of 36437480?
6
What is the ten millions digit of 14562870?
1
What is the ten thousands digit of 5052418?
5
What is the hundreds digit of 571004705?
7
What is the ten thousands digit of 715611516?
1
What is the ten thousands digit of 963013882?
1
What is the thousands digit of 1158810586?
0
What is the thousands digit of 70551136?
1
What is the ten thousands digit of 1286017541?
1
What is the hundred thousands digit of 2722463883?
4
What is the ten millions digit of 137627637?
3
What is the ten thousands digit of 65489788?
8
What is the ten millions digit of 8542806700?
4
What is the ten thousands digit of 580467109?
6
What is the hundreds digit of 9368207?
2
What is the units digit of 1035219067?
7
What is the millions digit of 43459224?
3
What is the hundred millions digit of 1204293900?
2
What is the ten millions digit of 2108069828?
0
What is the ten millions digit of 19344276?
1
What is the tens digit of 50259111?
1
What is the thousands digit of 46586937?
6
What is the hundreds digit of 1712889489?
4
What is the hundreds digit of 2635356677?
6
What is the tens digit of 193762739?
3
What is the hundred thousands digit of 27161923?
1
What is the units digit of 2407510?
0
What is the hundred millions digit of 829524251?
8
What is the thousands digit of 448962675?
2
What is the millions digit of 10102976?
0
What is the hundred millions digit of 253443063?
2
What is the thousands digit of 45132625?
2
What is the hundred thousands digit of 33522964?
5
What is the hundred thousands digit of 1238747584?
7
What is the hundreds digit of 1462976569?
5
What is the hundred thousands digit of 1906825731?
8
What is the hundred thousands digit of 14675752?
6
What is the millions digit of 144838783?
4
What is the hundreds digit of 9237322?
3
What is the thousands digit of 244650616?
0
What is the millions digit of 16253663?
6
What is the hundred thousands digit of 469961691?
9
What is the tens digit of 295853919?
1
What is the hundreds digit of 686001077?
0
What is the units digit of 1259927811?
1
What is the ten millions digit of 800612936?
0
What is the tens digit of 1252164822?
2
What is the hundred millions digit of 3131811999?
1
What is the ten millions digit of 2904175113?
0
What is the hundred thousands digit of 1704164569?
1
What is the units digit of 25785388?
8
What is the thousands digit of 35474432?
4
What is the millions digit of 25937941?
5
What is the hundreds digit of 108441573?
5
What is the millions digit of 14990646?
4
What is the hundreds digit of 52004333?
3
What is the ten millions digit of 184757481?
8
What is the hundreds digit of 19264155?
1
What is the ten thousands digit of 573592010?
9
What is the ten thousands digit of 1039320494?
2
What is the units digit of 8363242747?
7
What is the ten thousands digit of 6252894725?
9
What is the hundred thousands digit of 20670540?
6
What is the ten millions digit of 92223876?
9
What is the hundreds digit of 2945599?
5
What is the tens digit of 475334877?
7
What is the units digit of 3117842826?
6
What is the ten millions digit of 315872841?
1
What is the ten thousands digit of 554683726?
8
What is the ten millions digit of 192447873?
9
What is the tens digit of 1356386191?
9
What is the thousands digit of 1383813127?
3
What is the hundreds digit of 2740727390?
3
What is the hundred thousands digit of 29407356?
4
What is the hundred thousands digit of 262690529?
6
What is the units digit of 4962821890?
0
What is the hundreds digit of 4684051776?
7
What is the tens digit of 52885973?
7
What is the hundred millions digit of 105974248?
1
What is the hundreds digit of 891298?
2
What is the ten millions digit of 43487136?
4
What is the millions digit of 8625787765?
5
What is the hundred thousands digit of 4974937616?
9
What is the ten millions digit of 638010165?
3
What is the ten millions digit of 14713618?
1
What is the thousands digit of 94213743?
3
What is the hundreds digit of 138121509?
5
What is the hundred millions digit of 645842289?
6
What is the thousands digit of 72670728?
0
What is the hundred thousands digit of 206497135?
4
What is the tens digit of 96977917?
1
What is the ten millions digit of 123560298?
2
What is the hundred millions digit of 450111642?
4
What is the hundred thousands digit of 130870774?
8
What is the hundred millions digit of 4346720990?
3
What is the ten thousands digit of 763479053?
7
What is the hundred thousands digit of 58840277?
8
What is the units digit of 70480708?
8
What is the ten thousands digit of 849143104?
4
What is the thousands digit of 150871315?
1
What is the ten thousands digit of 5663081194?
8
What is the millions digit of 1638575080?
8
What is the hundred thousands digit of 2549810705?
8
What is the hundred thousands digit of 453543513?
5
What is the hundreds digit of 504756684?
6
What is the hundred millions digit of 732604366?
7
What is the tens digit of 2522526575?
7
What is the ten thousands digit of 5916469?
1
What is the ten millions digit of 28912272?
2
What is the thousands digit of 364531331?
1
What is the hundred millions digit of 332299524?
3
What is the hundred millions digit of 2982807960?
9
What is the hundreds digit of 215570578?
5
What is the millions digit of 99728262?
9
What is the units digit of 79595684?
4
What is the hundred thousands digit of 829025038?
0
What is the thousands digit of 192222876?
2
What is the units digit of 4108866036?
6
What is the thousands digit of 1960646?
0
What is the millions digit of 1408828099?
8
What is the hundred millions digit of 136058399?
1
What is the thousands digit of 179835051?
5
What is the hundred thousands digit of 594822153?
8
What is the hundreds digit of 7415994925?
9
What is the ten thousands digit of 3802862980?
6
What is the hundreds digit of 4392874334?
3
What is the ten thousands digit of 52686817?
8
What is the ten thousands digit of 249423006?
2
What is the hundred millions digit of 2519757025?
5
What is the ten millions digit of 32116121?
3
What is the thousands digit of 301241263?
1
What is the millions digit of 23407174?
3
What is the tens digit of 1743808593?
9
What is the hundred millions digit of 308375665?
3
What is the ten tho